214. Suppose w = -4*g + 380, 0*g - p = -g - 4*w. List the prime factors of g.
5, 19
Let s(t) be the first derivative of -5*t**2/2 - 20*t + 23. What are the prime factors of s(-11)?
5, 7
Suppose -3*u = -u. Let s(i) = 3*i**2 - 7*i + 10. Let v be s(9). Suppose 6*h - v = h - 5*d, 5*h - 2*d - 183 = u. What are the prime factors of h?
37
Let s be (-47)/(-4) + 1/4. Let l be -10*3/s*-2. Suppose k + 188 = l*i, -5*i - k - 2*k = -176. What are the prime factors of i?
37
Let s = 56 + -53. Suppose 5*y = 0, -180 = -s*u - 5*y + 33. List the prime factors of u.
71
Let x be (-2 - (-150)/24) + (-1)/4. Let p(z) = 18*z - 10. What are the prime factors of p(x)?
2, 31
Let r(h) = 4*h**3 - 17*h**2 + 60*h - 18. What are the prime factors of r(7)?
941
What are the prime factors of -3 + (584/4 - 0)?
11, 13
Let o(q) = -1 + 3*q - 1 + 4 - 34*q. Let d be o(-2). Suppose -4*y = -2*r + d, -4*r - 2*y + 129 = -29. List the prime factors of r.
2, 19
Let o = 34 - -127. List the prime factors of o.
7, 23
Let q(u) = u**2 - 5*u - 14. Let d be q(7). Suppose r - 1 = d, 5*i + 4*r - 3*r - 1 = 0. Suppose 3*m - 95 - 85 = i. What are the prime factors of m?
2, 3, 5
Let h = -4 + 6. Suppose -h*u + 5 = 1. Suppose 0 = -i - 0*i + u. List the prime factors of i.
2
List the prime factors of (-274736)/(-220) - (1/(-5))/1.
1249
Let f be 0 + (-4 + 7 - -210). Let u = f - 76. What are the prime factors of u?
137
Suppose g - 5*g = 4. What are the prime factors of -26*6*g/4?
3, 13
Suppose 3345*c - 3080 = 3340*c. List the prime factors of c.
2, 7, 11
Let s(c) = c**3 - 19*c**2 + 19*c - 10. Let y(h) = 6*h - 9. Let t be y(-3). Let k = t + 45. List the prime factors of s(k).
2
Let v(o) = o**2 - 14*o + 6. Let z(t) = -t**2 - 10*t + 1. Let l be z(-9). Let w be v(l). Let d = w + 36. List the prime factors of d.
2
Let k be 17/51 - 149/(-3). List the prime factors of k/(-1*(-10)/25).
5
Suppose 3*t + 4*r = 1448, -5*r - 451 = -294*t + 293*t. What are the prime factors of t?
2, 7, 17
Suppose -84*z + 85*z = 66. Let f = z + 50. List the prime factors of f.
2, 29
Let u(r) = r**3 + 8*r**2 + 7*r + 16. Let b be u(-7). Suppose -3*h - l = -26, -b = -3*h - 2*l + 3*l. What are the prime factors of h?
7
Let f(h) = -h - 3. Let p be f(-4). Let t(x) = -x**2 - 8*x - 8. Let w be t(-6). Let g = p + w. List the prime factors of g.
5
Suppose 0 = -0*x + 3*x - 24. Suppose -4*d = -x, 0*d + 4*d = -5*i + 23. What are the prime factors of i?
3
Let k(d) = 2*d + 3. Let j(n) = 4*n - 3. Let t be j(3). Let x = -3 + t. What are the prime factors of k(x)?
3, 5
Suppose 5*m = -4*i + 2*m + 2003, 0 = 5*i + 2*m - 2502. Suppose -5*d + i = -4*x, -2*d - x = -131 - 56. Suppose -4*l + 0*l + d = 0. List the prime factors of l.
2, 3
Let m(x) = -x**3 - 3*x**2 + 5*x + 4. Let y = -6 - -2. Let o be m(y). Suppose -q - 5*j + o*j + 54 = 0, -5*q = -4*j - 270. List the prime factors of q.
2, 3
Suppose -8*w + 11*w = -2*f + 1403, 4*w - f = 1889. List the prime factors of w.
3, 157
Let m = 61 - 41. Let f = 97 - m. What are the prime factors of f?
7, 11
Let p(j) = -5*j**2 + 22*j**3 + 5*j + 4*j - 40*j**3 + 20*j**3. What are the prime factors of p(4)?
2, 3, 7
Let a = -42 - -43. Let j be (-1 + -1)*2/2. What are the prime factors of (j - -3) + a + 0?
2
Suppose 2*h = 2*r - 0*r - 30, 90 = 5*r - 2*h. Suppose -r*a + 15*a + 230 = 0. Suppose -4*w - a = -198. What are the prime factors of w?
2, 19
Let u(f) = 7*f - 4. Let p = 12 + -16. Let j be u(p). Let r = j - -70. List the prime factors of r.
2, 19
Let x(f) = -2*f + 2. Let o be x(1). Suppose 5*b + 0 = w + 12, -b - 3*w + 12 = o. Suppose b*h + 24 = 3*c - c, 5*c - 43 = -h. List the prime factors of c.
3
Let q(x) be the second derivative of x**4/4 - x**3/2 + 3*x**2/2 + 3*x. What are the prime factors of q(2)?
3
Let r = -150 + 354. What are the prime factors of r?
2, 3, 17
Let x(h) = -h**3 + 5*h**2 - 8*h + 9. Let m be x(4). Let g = 25 - m. List the prime factors of g.
2
Let i = -111 + 1551. What are the prime factors of i?
2, 3, 5
Suppose -5*t = -3*b + 2158, -t + 2328 = 2*b + 898. List the prime factors of b.
2, 179
Suppose g + 5*p + 2 = 0, 0*g = -2*g - 2*p + 20. What are the prime factors of g?
13
Let u(v) = -12*v - 17. Let q be u(-8). Suppose 0 = -2*m + q + 37. List the prime factors of m.
2, 29
What are the prime factors of (-6)/(-10) + 31510/25?
13, 97
Let h = -2398 - -3570. What are the prime factors of h?
2, 293
Let k = -27 + 33. Suppose -k*x = -8*x. Suppose d + 4 = x, 62 = -4*r - d + 250. List the prime factors of r.
2, 3
Suppose -3*h + 254 = 2*u - 6*h, u + 5*h = 140. What are the prime factors of u?
2, 5, 13
Let u = 25 - 24. Let q be 4 - u*(-2 + 6). What are the prime factors of (-26)/((q - -4)/(-4))?
2, 13
What are the prime factors of (-1392)/(-4) + -4 + 2?
2, 173
Let n = -84 - -170. Let k(w) = 29*w + 2. Let m be k(2). Let z = n - m. What are the prime factors of z?
2, 13
Let s be (0/4 + 5)*(-2)/(-5). List the prime factors of (-952)/(-12)*(s/(-4) + 2).
7, 17
Let c(k) = -7*k**3 - 8*k**2 + 16*k + 60. List the prime factors of c(-7).
19, 103
Suppose -8*f + f + 35 = 0. Suppose -4*g - 264 = -f*x, -4*x + x = -4*g - 152. List the prime factors of x.
2, 7
Let v(o) = -11*o + 4*o**3 + 10*o + 8*o - 2*o - 5. What are the prime factors of v(2)?
37
Let a(r) be the first derivative of 17*r**3/3 - 3*r**2/2 + 18*r + 1. What are the prime factors of a(3)?
2, 3
Let o be (3/3 - 2) + 126. Suppose 3*u = -2*u + o. Let m = u - 5. List the prime factors of m.
2, 5
Let j(h) = 7 + 22*h**2 - 11*h + 3*h - 21*h**2. Let l be j(7). Suppose 3*x = -2*p + 67, 3*p + 2*p + 3*x - 154 = l. What are the prime factors of p?
29
Let b = -1 - -7. Let o(a) be the first derivative of a**4/4 - 4*a**3/3 - 4*a**2 - 4*a - 51. List the prime factors of o(b).
2, 5
Let h = -5 - -8. Let j(b) = 2 + 0 + 2*b - h - b. List the prime factors of j(4).
3
Let g(j) = 16*j**3 + j**2 + 2*j + 1. Let w be g(-1). Let l = w - -38. List the prime factors of l.
2, 11
Let s = 38 + 202. Suppose 0 = -4*k, -q + 5*k + s = 3*q. What are the prime factors of q?
2, 3, 5
Let l(x) = 2*x**3 - 6*x**2 + x + 5. Let f be l(5). Suppose -4*y + s = -f, s + 132 = 5*y - 3*s. List the prime factors of y.
2, 7
Suppose -5*a + 3*i - 14 = -0*i, i = a + 4. Let z = 8 - a. List the prime factors of z.
3
Let r(g) = 3*g**2 - 5*g + 21. Let k be 4 - ((-1)/2)/((-2)/(-8)). What are the prime factors of r(k)?
3, 11
List the prime factors of ((-4656)/5 - (-8)/(-10))*-2.
2, 233
Let z = 30 + -21. Let x be 0/3*(-3)/z. Suppose t - 18 = 6*l - 3*l, x = 3*l + 9. What are the prime factors of t?
3
Let w(u) = u**2 - u + 18. Let b be w(0). Let n = -14 + b. What are the prime factors of n + ((-1)/1)/1?
3
Suppose -x + 2*x = 0. Let i = -160 - -160. Suppose i = -2*y - x*y + 12. What are the prime factors of y?
2, 3
Suppose -2*q + 2088 = -q - 3*n, -3*q + 6256 = -5*n. What are the prime factors of 3*(-5)/(-75) + q/15?
139
Let n(o) = -o**3 + 9*o**2 + 26*o - 10. What are the prime factors of n(9)?
2, 7
Suppose 0 = -5*a - u + 19006, -2*u + 15196 = 4*a + u. What are the prime factors of a?
2, 1901
List the prime factors of 624/20*120/18.
2, 13
Let c(m) = 37*m**3 + 5*m**2 - 2*m - 46. What are the prime factors of c(5)?
2, 2347
Let s(n) be the first derivative of n**4/4 - 7*n**3/3 + 7*n**2/2 + 6*n + 1. Let i(r) = 2*r + 34. Let v be i(-14). List the prime factors of s(v).
2, 3
Let m be (-4)/16 - (-173)/4. Let c = m + 127. What are the prime factors of c?
2, 5, 17
Let q(n) = 814*n - 45. What are the prime factors of q(1)?
769
Let d(u) = u**2 - 6. Let v be d(4). Suppose 0 = -5*k + v*k - 105. Let m = k + -11. List the prime factors of m.
2, 5
Let r = 18 + -42. Suppose -4*b + 5*b = -51. Let g = r - b. What are the prime factors of g?
3
What are the prime factors of 1340/(-6)*(-18)/12?
5, 67
Suppose 3*f - 48 = -33. Suppose 3*p - 93 = 2*p + 5*c, f*p - 4*c - 570 = 0. What are the prime factors of p?
2, 59
Suppose 4*p - 3177 = -5*x, 5*x - x - 2540 = -4*p. List the prime factors of x.
7, 13
Suppose -4 - 14 = 6*u. What are the prime factors of (1/(-2))/(u/108)?
2, 3
Suppose -5 = 5*u, 0*a - 3*a + 4*u + 1 = 0. Let d be (a/2)/((-11)/(-88)). List the prime factors of 14/6 - d/(-12).
2
Suppose -262*z + 261*z - k = -6369, 2*z - 4*k = 12720. What are the prime factors of z?
2, 3, 1061
Suppose 0 = 4*d - a + 6 - 20, -3*d + 5*a = -19. Suppose d*c - 3 = 15. List the pri